{"id":170,"date":"2025-08-21T18:03:49","date_gmt":"2025-08-21T16:03:49","guid":{"rendered":"https:\/\/logopeda-teresin.eu\/?page_id=170"},"modified":"2025-08-21T18:33:59","modified_gmt":"2025-08-21T16:33:59","slug":"o-mnie-1","status":"publish","type":"page","link":"https:\/\/logopeda-teresin.eu\/?page_id=170","title":{"rendered":"O mnie"},"content":{"rendered":"\n<div class=\"wp-block-group\"><div class=\"wp-block-group__inner-container is-layout-constrained wp-block-group-is-layout-constrained\">\n<details class=\"wp-block-details is-layout-flow wp-block-details-is-layout-flow\"><summary><strong>O MNIE:<\/strong><\/summary>\n<p><\/p>\n<\/details>\n\n\n\n<p>Jestem wsp\u00f3\u0142tw\u00f3rczyni\u0105 czterech Og\u00f3lnopolskich Akcji Logopedycznych (Ekologopedia, S\u0142owotw\u00f3rcy, S\u0142owo Daj\u0119) oraz wsp\u00f3\u0142autork\u0105 funpage\u2019a i grupy w mediach spo\u0142eczno\u015bciowych- Ekologopedia- Og\u00f3lnopolska Akcja Logopedyczna oraz Rozmawiajmy z pasj\u0105 o logopedii.<\/p>\n\n\n\n<p>Jestem logopedk\u0105, ze specjalizacj\u0105 neurologopedyczn\u0105 oraz posiadam wykszta\u0142cenie w zakresie pedagogiki specjalnej na kierunku surdopedagogiki oraz w zakresie emisji i higieny g\u0142osu. Wiedz\u0119 zdobywa\u0142am na Akademii Pedagogiki Specjalnej w Warszawie, Uczelni \u0141azarskiego w Warszawie oraz na Uniwersytecie Gda\u0144skim. Na co dzie\u0144 pracuj\u0119 od ponad 20 lat w Szkole Podstawowej w Teresinie oraz w Spo\u0142ecznym Przedszkolu Integracyjnym w Teresinie.&nbsp; Mam tak\u017ce wieloletnie do\u015bwiadczenie w pracy z dzie\u0107mi i m\u0142odzie\u017c\u0105 z wad\u0105 s\u0142uchu, r\u00f3wnie\u017c implantowanymi. Praca z w\u0142asnym dzieckiem, nies\u0142ysz\u0105c\u0105 c\u00f3rk\u0105, by\u0142a dla mnie najlepsz\u0105 szko\u0142\u0105 poznawania potrzeb niepe\u0142nosprawnego dziecka i jego rodzic\u00f3w, opracowywania w\u0142asnych metod pracy. &nbsp;Pokonywanie trudno\u015bci, ma\u0142e sukcesy osi\u0105gane &nbsp;ka\u017cdego dnia, szcz\u0119\u015bcie rodzic\u00f3w z ka\u017cdego wypowiadanego przez ich dziecko s\u0142owa daj\u0105 mi ogromn\u0105 satysfakcj\u0119 i powoduj\u0105, \u017ce praca ta jest dla mnie r\u00f3wnie\u017c pasj\u0105. Uwielbiam swoj\u0105 prac\u0119, bo dzi\u0119ki niej realnie zmieniam \u015bwiat drugiego cz\u0142owieka. Cz\u0142owiek zar\u00f3wno ten ma\u0142y, jak i doros\u0142y zyskuje pewno\u015b\u0107 siebie, wiar\u0119 we w\u0142asne mo\u017cliwo\u015bci i wi\u0119ksz\u0105 otwarto\u015b\u0107 na \u015bwiat i ludzi.<\/p>\n\n\n\n<hr class=\"wp-block-separator has-alpha-channel-opacity\"\/>\n\n\n<div class=\"wp-block-image\">\n<figure class=\"alignleft is-resized\"><img loading=\"lazy\" decoding=\"async\" width=\"2048\" height=\"2048\" src=\"https:\/\/logopeda-teresin.eu\/wp-content\/uploads\/2025\/08\/Hania-na-www.jpg\" alt=\"\" class=\"wp-image-181\" style=\"width:372px;height:auto\" srcset=\"https:\/\/logopeda-teresin.eu\/wp-content\/uploads\/2025\/08\/Hania-na-www.jpg 2048w, https:\/\/logopeda-teresin.eu\/wp-content\/uploads\/2025\/08\/Hania-na-www-300x300.jpg 300w, https:\/\/logopeda-teresin.eu\/wp-content\/uploads\/2025\/08\/Hania-na-www-1024x1024.jpg 1024w, https:\/\/logopeda-teresin.eu\/wp-content\/uploads\/2025\/08\/Hania-na-www-150x150.jpg 150w, https:\/\/logopeda-teresin.eu\/wp-content\/uploads\/2025\/08\/Hania-na-www-768x768.jpg 768w, https:\/\/logopeda-teresin.eu\/wp-content\/uploads\/2025\/08\/Hania-na-www-1536x1536.jpg 1536w\" sizes=\"auto, (max-width: 2048px) 100vw, 2048px\" \/><\/figure>\n<\/div>\n\n\n<p class=\"has-text-align-left\">Swoje kwalifikacje stale podnosz\u0119 na licznych kursach i szkoleniach logopedycznych. Uko\u0144czone szkolenia , m.in. z zakresu terapii miofunkcjonalnej, terapii manualnej w zaburzeniach artykulacyjnych, czy te\u017c tapingu pozwalaj\u0105 na wielop\u0142aszczyznow\u0105 pomoc pacjentowi, holistyczne spojrzenie na jego problemy i osi\u0105ganie lepszych efekt\u00f3w w pracy. Bowiem wada wymowy to wierzcho\u0142ek g\u00f3ry lodowej\u2026<\/p>\n\n\n\n<p class=\"has-text-align-left\">Moje zainteresowania pozwalaj\u0105 mi by\u0107 logoped\u0105 na jeszcze wi\u0119ksz\u0105 skal\u0119. Jestem wsp\u00f3\u0142autork\u0105 serii ksi\u0105\u017ceczek logopedycznych pt. M\u00f3wnica logopedyczna (13 pozycji), wydanej w Wydawnictwie Harmonia. Jestem r\u00f3wnie\u017c autork\u0105 tekst\u00f3w w poradniku Terapia logopedyczna dziecka w wieku szkolnym, wydanym przez dr Josef Raabe Sp\u00f3\u0142ka Wydawnicza.<\/p>\n\n\n\n<p>W pracy z dzieci z ORM, afazj\u0105 oraz z dzie\u0107mi z ASD pracuj\u0119 z werbogestami, kt\u00f3re znacznie u\u0142atwiaj\u0105 nabywanie mowy.<\/p>\n<\/div><\/div>\n","protected":false},"excerpt":{"rendered":"<p>Jestem wsp\u00f3\u0142tw\u00f3rczyni\u0105 czterech Og\u00f3lnopolskich Akcji Logopedycznych (Ekologopedia, S\u0142owotw\u00f3rcy, S\u0142owo Daj\u0119) oraz wsp\u00f3\u0142autork\u0105 funpage\u2019a i grupy w mediach spo\u0142eczno\u015bciowych- Ekologopedia- Og\u00f3lnopolska Akcja Logopedyczna oraz Rozmawiajmy z [&hellip;]<\/p>\n","protected":false},"author":1,"featured_media":0,"parent":0,"menu_order":0,"comment_status":"closed","ping_status":"closed","template":"","meta":{"footnotes":""},"class_list":["post-170","page","type-page","status-publish","hentry"],"_links":{"self":[{"href":"https:\/\/logopeda-teresin.eu\/index.php?rest_route=\/wp\/v2\/pages\/170","targetHints":{"allow":["GET"]}}],"collection":[{"href":"https:\/\/logopeda-teresin.eu\/index.php?rest_route=\/wp\/v2\/pages"}],"about":[{"href":"https:\/\/logopeda-teresin.eu\/index.php?rest_route=\/wp\/v2\/types\/page"}],"author":[{"embeddable":true,"href":"https:\/\/logopeda-teresin.eu\/index.php?rest_route=\/wp\/v2\/users\/1"}],"replies":[{"embeddable":true,"href":"https:\/\/logopeda-teresin.eu\/index.php?rest_route=%2Fwp%2Fv2%2Fcomments&post=170"}],"version-history":[{"count":7,"href":"https:\/\/logopeda-teresin.eu\/index.php?rest_route=\/wp\/v2\/pages\/170\/revisions"}],"predecessor-version":[{"id":190,"href":"https:\/\/logopeda-teresin.eu\/index.php?rest_route=\/wp\/v2\/pages\/170\/revisions\/190"}],"wp:attachment":[{"href":"https:\/\/logopeda-teresin.eu\/index.php?rest_route=%2Fwp%2Fv2%2Fmedia&parent=170"}],"curies":[{"name":"wp","href":"https:\/\/api.w.org\/{rel}","templated":true}]}}

<div class="wp-block-group"><div class="wp-block-group__inner-container is-layout-constrained wp-block-group-is-layout-constrained">
<details class="wp-block-details is-layout-flow wp-block-details-is-layout-flow"><summary><strong>O MNIE:</strong></summary>
<p></p>
</details>



<p>Jestem współtwórczynią czterech Ogólnopolskich Akcji Logopedycznych (Ekologopedia, Słowotwórcy, Słowo Daję) oraz współautorką funpage’a i grupy w mediach społecznościowych- Ekologopedia- Ogólnopolska Akcja Logopedyczna oraz Rozmawiajmy z pasją o logopedii.</p>



<p>Jestem logopedką, ze specjalizacją neurologopedyczną oraz posiadam wykształcenie w zakresie pedagogiki specjalnej na kierunku surdopedagogiki oraz w zakresie emisji i higieny głosu. Wiedzę zdobywałam na Akademii Pedagogiki Specjalnej w Warszawie, Uczelni Łazarskiego w Warszawie oraz na Uniwersytecie Gdańskim. Na co dzień pracuję od ponad 20 lat w Szkole Podstawowej w Teresinie oraz w Społecznym Przedszkolu Integracyjnym w Teresinie.&nbsp; Mam także wieloletnie doświadczenie w pracy z dziećmi i młodzieżą z wadą słuchu, również implantowanymi. Praca z własnym dzieckiem, niesłyszącą córką, była dla mnie najlepszą szkołą poznawania potrzeb niepełnosprawnego dziecka i jego rodziców, opracowywania własnych metod pracy. &nbsp;Pokonywanie trudności, małe sukcesy osiągane &nbsp;każdego dnia, szczęście rodziców z każdego wypowiadanego przez ich dziecko słowa dają mi ogromną satysfakcję i powodują, że praca ta jest dla mnie również pasją. Uwielbiam swoją pracę, bo dzięki niej realnie zmieniam świat drugiego człowieka. Człowiek zarówno ten mały, jak i dorosły zyskuje pewność siebie, wiarę we własne możliwości i większą otwartość na świat i ludzi.</p>



<hr class="wp-block-separator has-alpha-channel-opacity"/>


<div class="wp-block-image">
<figure class="alignleft is-resized"><img loading="lazy" decoding="async" width="2048" height="2048" src="https://logopeda-teresin.eu/wp-content/uploads/2025/08/Hania-na-www.jpg" alt="" class="wp-image-181" style="width:372px;height:auto" srcset="https://logopeda-teresin.eu/wp-content/uploads/2025/08/Hania-na-www.jpg 2048w, https://logopeda-teresin.eu/wp-content/uploads/2025/08/Hania-na-www-300x300.jpg 300w, https://logopeda-teresin.eu/wp-content/uploads/2025/08/Hania-na-www-1024x1024.jpg 1024w, https://logopeda-teresin.eu/wp-content/uploads/2025/08/Hania-na-www-150x150.jpg 150w, https://logopeda-teresin.eu/wp-content/uploads/2025/08/Hania-na-www-768x768.jpg 768w, https://logopeda-teresin.eu/wp-content/uploads/2025/08/Hania-na-www-1536x1536.jpg 1536w" sizes="auto, (max-width: 2048px) 100vw, 2048px" /></figure>
</div>


<p class="has-text-align-left">Swoje kwalifikacje stale podnoszę na licznych kursach i szkoleniach logopedycznych. Ukończone szkolenia , m.in. z zakresu terapii miofunkcjonalnej, terapii manualnej w zaburzeniach artykulacyjnych, czy też tapingu pozwalają na wielopłaszczyznową pomoc pacjentowi, holistyczne spojrzenie na jego problemy i osiąganie lepszych efektów w pracy. Bowiem wada wymowy to wierzchołek góry lodowej…</p>



<p class="has-text-align-left">Moje zainteresowania pozwalają mi być logopedą na jeszcze większą skalę. Jestem współautorką serii książeczek logopedycznych pt. Mównica logopedyczna (13 pozycji), wydanej w Wydawnictwie Harmonia. Jestem również autorką tekstów w poradniku Terapia logopedyczna dziecka w wieku szkolnym, wydanym przez dr Josef Raabe Spółka Wydawnicza.</p>



<p>W pracy z dzieci z ORM, afazją oraz z dziećmi z ASD pracuję z werbogestami, które znacznie ułatwiają nabywanie mowy.</p>
</div></div>

<p>Jestem współtwórczynią czterech Ogólnopolskich Akcji Logopedycznych (Ekologopedia, Słowotwórcy, Słowo Daję) oraz współautorką funpage’a i grupy w mediach społecznościowych- Ekologopedia- Ogólnopolska Akcja Logopedyczna oraz Rozmawiajmy z [&hellip;]</p>
