{"id":25,"date":"2024-10-04T11:58:50","date_gmt":"2024-10-04T09:58:50","guid":{"rendered":"https:\/\/logopeda-teresin.eu\/?page_id=25"},"modified":"2025-08-25T21:00:14","modified_gmt":"2025-08-25T19:00:14","slug":"gabinet-logopedyczny","status":"publish","type":"page","link":"https:\/\/logopeda-teresin.eu\/?page_id=25","title":{"rendered":"Gabinet logopedyczny"},"content":{"rendered":"\n<figure class=\"wp-block-image size-large\"><img loading=\"lazy\" decoding=\"async\" width=\"1280\" height=\"720\" src=\"https:\/\/logopeda-teresin.eu\/wp-content\/uploads\/2025\/08\/20250821_124141-e1756148347146-edited.png\" alt=\"\" class=\"wp-image-274\" srcset=\"https:\/\/logopeda-teresin.eu\/wp-content\/uploads\/2025\/08\/20250821_124141-e1756148347146-edited.png 1280w, https:\/\/logopeda-teresin.eu\/wp-content\/uploads\/2025\/08\/20250821_124141-e1756148347146-edited-300x169.png 300w, https:\/\/logopeda-teresin.eu\/wp-content\/uploads\/2025\/08\/20250821_124141-e1756148347146-edited-1024x576.png 1024w, https:\/\/logopeda-teresin.eu\/wp-content\/uploads\/2025\/08\/20250821_124141-e1756148347146-edited-768x432.png 768w\" sizes=\"auto, (max-width: 1280px) 100vw, 1280px\" \/><\/figure>\n\n\n\n<p><strong>W swoim gabinecie :<\/strong><\/p>\n\n\n\n<div class=\"wp-block-group\"><div class=\"wp-block-group__inner-container is-layout-constrained wp-block-group-is-layout-constrained\">\n<p>Na co dzie\u0144 pracuj\u0119 z dzie\u0107mi w wieku szkolnym i przedszkolnym, r\u00f3wnie\u017c ze starszymi pacjentami ortodontycznymi oraz z pacjentami ze skr\u00f3conym w\u0119dzide\u0142kiem j\u0119zyka stosuj\u0105c terapi\u0119 miofunkcjonaln\u0105. W terapie swoich pacjent\u00f3w, opr\u00f3cz wiedzy i do\u015bwiadczenia wk\u0142adam ca\u0142e swoje serce i zaanga\u017cowanie.<\/p>\n<\/div><\/div>\n\n\n\n<p><strong>Oferuj\u0119:<\/strong><\/p>\n\n\n\n<div class=\"wp-block-group\"><div class=\"wp-block-group__inner-container is-layout-constrained wp-block-group-is-layout-constrained\">\n<ul class=\"wp-block-list\">\n<li>Badanie i diagnoz\u0119 rozwoju mowy dzieci, m\u0142odzie\u017cy i doros\u0142ych<\/li>\n\n\n\n<li>Terapi\u0119 wad wymowy w zakresie dyslalii, dyzartii, alalii, afazji i innych<\/li>\n\n\n\n<li>Terapia op\u00f3\u017anionego rozwoju mowy<\/li>\n\n\n\n<li>Terapia dzieci z wad\u0105 s\u0142uchu<\/li>\n\n\n\n<li>\u0106wiczenia z zakresu emisji g\u0142osu (w mowie)<\/li>\n\n\n\n<li>Profilaktyk\u0119 w zakresie wad wymowy<\/li>\n\n\n\n<li>Konsultacje i porady<\/li>\n<\/ul>\n<\/div><\/div>\n\n\n\n<p>Diagnoza logopedyczna obejmuje szereg czynno\u015bci, dzi\u0119ki kt\u00f3rym mo\u017cna oceni\u0107 poziom rozwoju mowy i ewentualnych przyczyn powstania nieprawid\u0142owo\u015bci. Jest dostosowana do wieku dziecka i prowadzona jest w oparciu o kwestionariusz do badania mowy.<\/p>\n\n\n\n<p><strong>Na diagnoz\u0119 sk\u0142ada si\u0119:<\/strong><\/p>\n\n\n\n<div class=\"wp-block-group\"><div class=\"wp-block-group__inner-container is-layout-constrained wp-block-group-is-layout-constrained\">\n<ul class=\"wp-block-list\">\n<li>wywiad z rodzicami (m.in. przebieg ci\u0105\u017cy, porodu, rozw\u00f3j psychomotoryczny dziecka, rozw\u00f3j mowy). Je\u015bli rodzice posiadaj\u0105 dodatkowe badania specjalistyczne, np. audiologiczne, neurologiczne, psychologiczne konieczne jest przyniesienie ich na pierwsz\u0105 wizyt\u0119. U\u0142atwi to postawienie diagnozy i dostosowanie metod terapii.<\/li>\n\n\n\n<li>swobodna rozmowa z pacjentem- ocena rozumienia polece\u0144 s\u0142ownych i zdolno\u015bci wypowiadania si\u0119<\/li>\n\n\n\n<li>nazywanie obrazk\u00f3w- ocena mowy czynnej, poziomu artykulacji<\/li>\n\n\n\n<li>kontrola tempa mowy, oddechu, s\u0142uchu, jako\u015bci&nbsp; g\u0142osu<\/li>\n\n\n\n<li>ocena budowy i sprawno\u015bci narz\u0105d\u00f3w artykulacyjnych<\/li>\n\n\n\n<li>badanie s\u0142uchu&nbsp; fonemowego<\/li>\n<\/ul>\n<\/div><\/div>\n\n\n\n<p>Na podstawie diagnozy ustalana jest indywidualna terapia logopedyczna. Jest ona prowadzona w formie ciekawych zabaw , z u\u017cyciem r\u00f3\u017cnorodnych pomocy logopedycznych , r\u00f3wnie\u017c multimedialnych.<\/p>\n\n\n\n<figure class=\"wp-block-image size-large is-resized\"><img loading=\"lazy\" decoding=\"async\" width=\"1280\" height=\"720\" src=\"https:\/\/logopeda-teresin.eu\/wp-content\/uploads\/2025\/08\/20250821_124842-edited-1.png\" alt=\"\" class=\"wp-image-271\" style=\"width:841px;height:auto\" srcset=\"https:\/\/logopeda-teresin.eu\/wp-content\/uploads\/2025\/08\/20250821_124842-edited-1.png 1280w, https:\/\/logopeda-teresin.eu\/wp-content\/uploads\/2025\/08\/20250821_124842-edited-1-300x169.png 300w, https:\/\/logopeda-teresin.eu\/wp-content\/uploads\/2025\/08\/20250821_124842-edited-1-1024x576.png 1024w, https:\/\/logopeda-teresin.eu\/wp-content\/uploads\/2025\/08\/20250821_124842-edited-1-768x432.png 768w\" sizes=\"auto, (max-width: 1280px) 100vw, 1280px\" \/><\/figure>\n","protected":false},"excerpt":{"rendered":"<p>W swoim gabinecie : Na co dzie\u0144 pracuj\u0119 z dzie\u0107mi w wieku szkolnym i przedszkolnym, r\u00f3wnie\u017c ze starszymi pacjentami ortodontycznymi oraz z pacjentami ze skr\u00f3conym [&hellip;]<\/p>\n","protected":false},"author":1,"featured_media":0,"parent":0,"menu_order":0,"comment_status":"closed","ping_status":"closed","template":"","meta":{"footnotes":""},"class_list":["post-25","page","type-page","status-publish","hentry"],"_links":{"self":[{"href":"https:\/\/logopeda-teresin.eu\/index.php?rest_route=\/wp\/v2\/pages\/25","targetHints":{"allow":["GET"]}}],"collection":[{"href":"https:\/\/logopeda-teresin.eu\/index.php?rest_route=\/wp\/v2\/pages"}],"about":[{"href":"https:\/\/logopeda-teresin.eu\/index.php?rest_route=\/wp\/v2\/types\/page"}],"author":[{"embeddable":true,"href":"https:\/\/logopeda-teresin.eu\/index.php?rest_route=\/wp\/v2\/users\/1"}],"replies":[{"embeddable":true,"href":"https:\/\/logopeda-teresin.eu\/index.php?rest_route=%2Fwp%2Fv2%2Fcomments&post=25"}],"version-history":[{"count":8,"href":"https:\/\/logopeda-teresin.eu\/index.php?rest_route=\/wp\/v2\/pages\/25\/revisions"}],"predecessor-version":[{"id":276,"href":"https:\/\/logopeda-teresin.eu\/index.php?rest_route=\/wp\/v2\/pages\/25\/revisions\/276"}],"wp:attachment":[{"href":"https:\/\/logopeda-teresin.eu\/index.php?rest_route=%2Fwp%2Fv2%2Fmedia&parent=25"}],"curies":[{"name":"wp","href":"https:\/\/api.w.org\/{rel}","templated":true}]}}