{"id":251,"date":"2025-08-22T18:08:42","date_gmt":"2025-08-22T16:08:42","guid":{"rendered":"https:\/\/logopeda-teresin.eu\/?page_id=251"},"modified":"2025-08-22T18:08:42","modified_gmt":"2025-08-22T16:08:42","slug":"rodo","status":"publish","type":"page","link":"https:\/\/logopeda-teresin.eu\/?page_id=251","title":{"rendered":"RODO"},"content":{"rendered":"\n<div class=\"wp-block-file\"><a id=\"wp-block-file--media-d65891d8-fbc6-415d-a6f5-7bdaa63f9b0b\" href=\"https:\/\/logopeda-teresin.eu\/wp-content\/uploads\/2025\/08\/RODO-gabinet.docx\"><strong>RODO gabinet<\/strong><\/a><a href=\"https:\/\/logopeda-teresin.eu\/wp-content\/uploads\/2025\/08\/RODO-gabinet.docx\" class=\"wp-block-file__button wp-element-button\" download aria-describedby=\"wp-block-file--media-d65891d8-fbc6-415d-a6f5-7bdaa63f9b0b\">Pobierz<\/a><\/div>\n\n\n\n<p>POLITYKA PRZETWARZANIA DANYCH OSOBOWYCH<br>1.&nbsp;Administratorem danych osobowych jest Gabinet Diagnoza i Terapia Logopedyczna Hanna G\u0142uchowska, NIP 8371121073<br>2.&nbsp;W przypadku pyta\u0144 co do sposobu i zakresu przetwarzania danych osobowych, a tak\u017ce realizacji przys\u0142uguj\u0105cych uprawnie\u0144, nale\u017cy skontaktowa\u0107 si\u0119 z administratorem danych osobowych za po\u015brednictwem e-mail: hanna.gluchowska@wp.pl<br>3.&nbsp;Administrator danych osobowych przetwarza dane osobowe, w tym \u201edane wra\u017cliwe\u201d, na podstawie obowi\u0105zuj\u0105cych przepis\u00f3w prawa oraz udzielonej w formie pisemnej zgody.<br>4.&nbsp;W przypadku przetwarzania danych osobowych osoby poni\u017cej 13 r.\u017c., zgod\u0119 na ich przetwarzanie wyra\u017ca przedstawiciel ustawowy\/prawny opiekun ma\u0142oletniego.<br>5.&nbsp;Wyra\u017cenie zgody na przetwarzanie danych osobowych nast\u0119puje przed rozpocz\u0119ciem pierwszych zaj\u0119\u0107 logopedycznych.<br>6.&nbsp;Dane osobowe przetwarzane s\u0105 w celu realizacji um\u00f3w zawartych z klientami w zakresie diagnozy logopedycznej\/terapii logopedycznej\/konsultacji.<br>7.&nbsp;Odbiorcami danych osobowych mog\u0105 by\u0107 organy w\u0142adzy publicznej oraz podmioty wykonuj\u0105ce zadania publiczne lub dzia\u0142aj\u0105ce na zlecenie organ\u00f3w w\u0142adzy publicznej, w zakresie i w celach, kt\u00f3re wynikaj\u0105 z przepis\u00f3w powszechnie obowi\u0105zuj\u0105cego prawa.<br>8.&nbsp;Dane osobowe b\u0119d\u0105 przechowywane przez okres niezb\u0119dny do realizacji cel\u00f3w (pkt. 6), w spos\u00f3b zapewniaj\u0105cy odpowiednie ich bezpiecze\u0144stwo, w tym ochron\u0119 przed niedozwolonym lub niezgodnym z prawem przetwarzaniem oraz przypadkow\u0105 utrat\u0105, zniszczeniem lub uszkodzeniem, za pomoc\u0105 odpowiednich \u015brodk\u00f3w technicznych lub organizacyjnych.<br>9.&nbsp;Po realizacji cel\u00f3w, dane osobowe b\u0119d\u0105 przechowywane przez 1 rok, a nast\u0119pnie zostan\u0105 bezpowrotnie zniszczone.<br>10.&nbsp;W zwi\u0105zku z przetwarzaniem danych osobowych, osobie kt\u00f3rej dane te dotycz\u0105 jak te\u017c jej przedstawicielowi ustawowemu\/prawnemu opiekunowi przys\u0142uguj\u0105 nast\u0119puj\u0105ce uprawnienia:<br>a.&nbsp;prawo dost\u0119pu do danych osobowych, w tym prawo do uzyskania kopii tych danych;<br>b.&nbsp;prawo \u017c\u0105dania sprostowania (poprawienia) danych osobowych, w przypadku gdy dane te s\u0105 nieprawid\u0142owe lub niekompletne;<br>c.&nbsp;prawo \u017c\u0105dania usuni\u0119cia danych osobowych (tzw. prawo do bycia zapomnianym), w przypadku gdy (art. 17 ust. 1 RODO*):<br>\u2981 dane nie s\u0105 ju\u017c niezb\u0119dne do cel\u00f3w, dla kt\u00f3rych by\u0142y zebrane lub w inny spos\u00f3b przetwarzane,<br>\u2981 osoba, kt\u00f3rej dane dotycz\u0105, wnios\u0142a sprzeciw wobec przetwarzania danych osobowych,<br>\u2981 osoba, kt\u00f3rej dane dotycz\u0105, wycofa\u0142a zgod\u0119 na przetwarzanie danych osobowych, b\u0119d\u0105cej podstaw\u0105 ich przetwarzania i nie ma innej podstawy prawnej przetwarzania danych,<br>\u2981 dane osobowe przetwarzane s\u0105 niezgodnie z prawem,<br>\u2981 dane osobowe musz\u0105 by\u0107 usuni\u0119te w celu wywi\u0105zania si\u0119 z obowi\u0105zku wynikaj\u0105cego z przepis\u00f3w prawa.<br>d.&nbsp;prawo do \u017c\u0105dania ograniczenia przetwarzania danych osobowych, w przypadku, gdy (art. 18 ust. 1 RODO):<br>\u2981 osoba, kt\u00f3rej dane dotycz\u0105 kwestionuje prawid\u0142owo\u015b\u0107 danych osobowych,<br>\u2981 przetwarzanie danych jest niezgodne z prawem, a osoba, kt\u00f3rej dane dotycz\u0105, sprzeciwia si\u0119 usuni\u0119ciu danych, \u017c\u0105daj\u0105c w zamian ich ograniczenia,<br>\u2981 administrator danych osobowych nie potrzebuje ju\u017c danych dla swoich cel\u00f3w ale osoba, kt\u00f3rej dane dotycz\u0105, potrzebuje ich do ustalenia, obrony lub dochodzenia roszcze\u0144,<br>\u2981 osoba, kt\u00f3rej dane dotycz\u0105, wnios\u0142a sprzeciw wobec przetwarzania danych, do czasu ustalenia czy prawnie uzasadnione podstawy po stronie administratora s\u0105 nadrz\u0119dne wobec podstawy sprzeciwu,<br>e.&nbsp;prawo sprzeciwu wobec przetwarzania danych (art. 21 RODO) oraz prawo wniesienia skargi do organu nadzorczego, w\u0142a\u015bciwego w sprawach ochrony danych osobowych \u2013 Prezesa Urz\u0119du Ochrony Danych Osobowych (art. 77 ust. 1 RODO).<br>f.&nbsp;prawo cofni\u0119cia zgody na przetwarzanie danych osobowych w dowolnym momencie. Przy czym cofni\u0119cie takiej zgody nie ma wp\u0142ywu na zgodno\u015b\u0107 przetwarzania, kt\u00f3rego dokonano na podstawie zgody przed jej cofni\u0119ciem, zgodnie z obowi\u0105zuj\u0105cym prawem (art. 7 ust. 3 RODO).<br>11.&nbsp;Podanie danych osobowych jest obligatoryjnym warunkiem rozpocz\u0119cia zaj\u0119\u0107 logopedycznych. W przypadku odmowy podania niezb\u0119dnych danych osobowych, zaj\u0119cia nie odb\u0119d\u0105 si\u0119.<br>O\u015bwiadczam, i\u017c zapozna\u0142am\/-em si\u0119 z niniejsz\u0105 polityk\u0105 przetwarzania danych osobowych, kt\u00f3rej zapisy s\u0105 dla mnie jasne i czytelne.<br>O\u015bwiadczam, i\u017c swoje dane osobowe podaj\u0119 w spos\u00f3b dobrowolny\/O\u015bwiadczam, i\u017c dane osobowe dziecka, kt\u00f3rego jestem przedstawicielem ustawowym\/opiekunem prawnym podaj\u0119 w spos\u00f3b dobrowolny. (niew\u0142a\u015bciwe skre\u015bli\u0107)<br>O\u015bwiadczam, i\u017c wyra\u017cam zgod\u0119 na przetwarzanie moich danych osobowych na zasadach przewidzianych w niniejszym dokumencie\/O\u015bwiadczam, i\u017c wyra\u017cam zgod\u0119 na przetwarzanie danych osobowych dziecka, kt\u00f3rego jestem przedstawicielem ustawowym\/opiekunem prawnym na zasadach przewidzianych w niniejszym dokumencie. (niew\u0142a\u015bciwe skre\u015bli\u0107)<\/p>\n\n\n\n<pre class=\"wp-block-code\"><code>                                                                    \u2026\u2026\u2026\u2026\u2026\u2026\u2026\u2026\u2026\u2026\u2026\u2026\u2026\u2026\u2026\u2026\u2026..\n                                                                     Data, podpis<\/code><\/pre>\n","protected":false},"excerpt":{"rendered":"<p>POLITYKA PRZETWARZANIA DANYCH OSOBOWYCH1.&nbsp;Administratorem danych osobowych jest Gabinet Diagnoza i Terapia Logopedyczna Hanna G\u0142uchowska, NIP 83711210732.&nbsp;W przypadku pyta\u0144 co do sposobu i zakresu przetwarzania danych [&hellip;]<\/p>\n","protected":false},"author":1,"featured_media":0,"parent":0,"menu_order":0,"comment_status":"closed","ping_status":"closed","template":"","meta":{"footnotes":""},"class_list":["post-251","page","type-page","status-publish","hentry"],"_links":{"self":[{"href":"https:\/\/logopeda-teresin.eu\/index.php?rest_route=\/wp\/v2\/pages\/251","targetHints":{"allow":["GET"]}}],"collection":[{"href":"https:\/\/logopeda-teresin.eu\/index.php?rest_route=\/wp\/v2\/pages"}],"about":[{"href":"https:\/\/logopeda-teresin.eu\/index.php?rest_route=\/wp\/v2\/types\/page"}],"author":[{"embeddable":true,"href":"https:\/\/logopeda-teresin.eu\/index.php?rest_route=\/wp\/v2\/users\/1"}],"replies":[{"embeddable":true,"href":"https:\/\/logopeda-teresin.eu\/index.php?rest_route=%2Fwp%2Fv2%2Fcomments&post=251"}],"version-history":[{"count":1,"href":"https:\/\/logopeda-teresin.eu\/index.php?rest_route=\/wp\/v2\/pages\/251\/revisions"}],"predecessor-version":[{"id":253,"href":"https:\/\/logopeda-teresin.eu\/index.php?rest_route=\/wp\/v2\/pages\/251\/revisions\/253"}],"wp:attachment":[{"href":"https:\/\/logopeda-teresin.eu\/index.php?rest_route=%2Fwp%2Fv2%2Fmedia&parent=251"}],"curies":[{"name":"wp","href":"https:\/\/api.w.org\/{rel}","templated":true}]}}

<div class="wp-block-file"><a id="wp-block-file--media-d65891d8-fbc6-415d-a6f5-7bdaa63f9b0b" href="https://logopeda-teresin.eu/wp-content/uploads/2025/08/RODO-gabinet.docx"><strong>RODO gabinet</strong></a><a href="https://logopeda-teresin.eu/wp-content/uploads/2025/08/RODO-gabinet.docx" class="wp-block-file__button wp-element-button" download aria-describedby="wp-block-file--media-d65891d8-fbc6-415d-a6f5-7bdaa63f9b0b">Pobierz</a></div>



<p>POLITYKA PRZETWARZANIA DANYCH OSOBOWYCH<br>1.&nbsp;Administratorem danych osobowych jest Gabinet Diagnoza i Terapia Logopedyczna Hanna Głuchowska, NIP 8371121073<br>2.&nbsp;W przypadku pytań co do sposobu i zakresu przetwarzania danych osobowych, a także realizacji przysługujących uprawnień, należy skontaktować się z administratorem danych osobowych za pośrednictwem e-mail: hanna.gluchowska@wp.pl<br>3.&nbsp;Administrator danych osobowych przetwarza dane osobowe, w tym „dane wrażliwe”, na podstawie obowiązujących przepisów prawa oraz udzielonej w formie pisemnej zgody.<br>4.&nbsp;W przypadku przetwarzania danych osobowych osoby poniżej 13 r.ż., zgodę na ich przetwarzanie wyraża przedstawiciel ustawowy/prawny opiekun małoletniego.<br>5.&nbsp;Wyrażenie zgody na przetwarzanie danych osobowych następuje przed rozpoczęciem pierwszych zajęć logopedycznych.<br>6.&nbsp;Dane osobowe przetwarzane są w celu realizacji umów zawartych z klientami w zakresie diagnozy logopedycznej/terapii logopedycznej/konsultacji.<br>7.&nbsp;Odbiorcami danych osobowych mogą być organy władzy publicznej oraz podmioty wykonujące zadania publiczne lub działające na zlecenie organów władzy publicznej, w zakresie i w celach, które wynikają z przepisów powszechnie obowiązującego prawa.<br>8.&nbsp;Dane osobowe będą przechowywane przez okres niezbędny do realizacji celów (pkt. 6), w sposób zapewniający odpowiednie ich bezpieczeństwo, w tym ochronę przed niedozwolonym lub niezgodnym z prawem przetwarzaniem oraz przypadkową utratą, zniszczeniem lub uszkodzeniem, za pomocą odpowiednich środków technicznych lub organizacyjnych.<br>9.&nbsp;Po realizacji celów, dane osobowe będą przechowywane przez 1 rok, a następnie zostaną bezpowrotnie zniszczone.<br>10.&nbsp;W związku z przetwarzaniem danych osobowych, osobie której dane te dotyczą jak też jej przedstawicielowi ustawowemu/prawnemu opiekunowi przysługują następujące uprawnienia:<br>a.&nbsp;prawo dostępu do danych osobowych, w tym prawo do uzyskania kopii tych danych;<br>b.&nbsp;prawo żądania sprostowania (poprawienia) danych osobowych, w przypadku gdy dane te są nieprawidłowe lub niekompletne;<br>c.&nbsp;prawo żądania usunięcia danych osobowych (tzw. prawo do bycia zapomnianym), w przypadku gdy (art. 17 ust. 1 RODO*):<br>⦁ dane nie są już niezbędne do celów, dla których były zebrane lub w inny sposób przetwarzane,<br>⦁ osoba, której dane dotyczą, wniosła sprzeciw wobec przetwarzania danych osobowych,<br>⦁ osoba, której dane dotyczą, wycofała zgodę na przetwarzanie danych osobowych, będącej podstawą ich przetwarzania i nie ma innej podstawy prawnej przetwarzania danych,<br>⦁ dane osobowe przetwarzane są niezgodnie z prawem,<br>⦁ dane osobowe muszą być usunięte w celu wywiązania się z obowiązku wynikającego z przepisów prawa.<br>d.&nbsp;prawo do żądania ograniczenia przetwarzania danych osobowych, w przypadku, gdy (art. 18 ust. 1 RODO):<br>⦁ osoba, której dane dotyczą kwestionuje prawidłowość danych osobowych,<br>⦁ przetwarzanie danych jest niezgodne z prawem, a osoba, której dane dotyczą, sprzeciwia się usunięciu danych, żądając w zamian ich ograniczenia,<br>⦁ administrator danych osobowych nie potrzebuje już danych dla swoich celów ale osoba, której dane dotyczą, potrzebuje ich do ustalenia, obrony lub dochodzenia roszczeń,<br>⦁ osoba, której dane dotyczą, wniosła sprzeciw wobec przetwarzania danych, do czasu ustalenia czy prawnie uzasadnione podstawy po stronie administratora są nadrzędne wobec podstawy sprzeciwu,<br>e.&nbsp;prawo sprzeciwu wobec przetwarzania danych (art. 21 RODO) oraz prawo wniesienia skargi do organu nadzorczego, właściwego w sprawach ochrony danych osobowych – Prezesa Urzędu Ochrony Danych Osobowych (art. 77 ust. 1 RODO).<br>f.&nbsp;prawo cofnięcia zgody na przetwarzanie danych osobowych w dowolnym momencie. Przy czym cofnięcie takiej zgody nie ma wpływu na zgodność przetwarzania, którego dokonano na podstawie zgody przed jej cofnięciem, zgodnie z obowiązującym prawem (art. 7 ust. 3 RODO).<br>11.&nbsp;Podanie danych osobowych jest obligatoryjnym warunkiem rozpoczęcia zajęć logopedycznych. W przypadku odmowy podania niezbędnych danych osobowych, zajęcia nie odbędą się.<br>Oświadczam, iż zapoznałam/-em się z niniejszą polityką przetwarzania danych osobowych, której zapisy są dla mnie jasne i czytelne.<br>Oświadczam, iż swoje dane osobowe podaję w sposób dobrowolny/Oświadczam, iż dane osobowe dziecka, którego jestem przedstawicielem ustawowym/opiekunem prawnym podaję w sposób dobrowolny. (niewłaściwe skreślić)<br>Oświadczam, iż wyrażam zgodę na przetwarzanie moich danych osobowych na zasadach przewidzianych w niniejszym dokumencie/Oświadczam, iż wyrażam zgodę na przetwarzanie danych osobowych dziecka, którego jestem przedstawicielem ustawowym/opiekunem prawnym na zasadach przewidzianych w niniejszym dokumencie. (niewłaściwe skreślić)</p>



<pre class="wp-block-code"><code>                                                                    ……………………………………………..
                                                                     Data, podpis</code></pre>

<p>POLITYKA PRZETWARZANIA DANYCH OSOBOWYCH1.&nbsp;Administratorem danych osobowych jest Gabinet Diagnoza i Terapia Logopedyczna Hanna Głuchowska, NIP 83711210732.&nbsp;W przypadku pytań co do sposobu i zakresu przetwarzania danych [&hellip;]</p>
